{"id":181,"date":"2024-10-08T12:49:12","date_gmt":"2024-10-08T10:49:12","guid":{"rendered":"https:\/\/dynarelax.lu\/?page_id=181"},"modified":"2024-10-08T12:51:29","modified_gmt":"2024-10-08T10:51:29","slug":"calendula","status":"publish","type":"page","link":"https:\/\/dynarelax.lu\/?page_id=181","title":{"rendered":"Calendula"},"content":{"rendered":"\t\t<div data-elementor-type=\"wp-page\" data-elementor-id=\"181\" class=\"elementor elementor-181\">\n\t\t\t\t<div class=\"elementor-element elementor-element-042e349 e-flex e-con-boxed e-con e-parent\" data-id=\"042e349\" data-element_type=\"container\">\n\t\t\t\t\t<div class=\"e-con-inner\">\n\t\t\t\t<div class=\"elementor-element elementor-element-95a14bd elementor-widget__width-initial elementor-widget elementor-widget-image\" data-id=\"95a14bd\" data-element_type=\"widget\" data-widget_type=\"image.default\">\n\t\t\t\t<div class=\"elementor-widget-container\">\n\t\t\t\t\t\t\t\t\t\t\t\t\t\t\t<img fetchpriority=\"high\" decoding=\"async\" width=\"1024\" height=\"683\" src=\"https:\/\/dynarelax.lu\/wp-content\/uploads\/2024\/10\/calendula-creme-cosmetique-belgique-carescence-1024x683-1.jpg\" class=\"attachment-large size-large wp-image-184\" alt=\"\" srcset=\"https:\/\/dynarelax.lu\/wp-content\/uploads\/2024\/10\/calendula-creme-cosmetique-belgique-carescence-1024x683-1.jpg 1024w, https:\/\/dynarelax.lu\/wp-content\/uploads\/2024\/10\/calendula-creme-cosmetique-belgique-carescence-1024x683-1-300x200.jpg 300w, https:\/\/dynarelax.lu\/wp-content\/uploads\/2024\/10\/calendula-creme-cosmetique-belgique-carescence-1024x683-1-768x512.jpg 768w\" sizes=\"(max-width: 1024px) 100vw, 1024px\" \/>\t\t\t\t\t\t\t\t\t\t\t\t\t\t\t<\/div>\n\t\t\t\t<\/div>\n\t\t\t\t\t<\/div>\n\t\t\t\t<\/div>\n\t\t<div class=\"elementor-element elementor-element-113ca64 e-flex e-con-boxed e-con e-parent\" data-id=\"113ca64\" data-element_type=\"container\">\n\t\t\t\t\t<div class=\"e-con-inner\">\n\t\t\t\t<div class=\"elementor-element elementor-element-bc71e63 elementor-widget elementor-widget-text-editor\" data-id=\"bc71e63\" data-element_type=\"widget\" data-widget_type=\"text-editor.default\">\n\t\t\t\t<div class=\"elementor-widget-container\">\n\t\t\t\t\t\t\t\t\t<p class=\"mb-2\" style=\"text-align: center;\"><span style=\"color: #000000;\">Originaire d&#8217;Europe, le Calendula est une plante qui pousse et se cultive ais\u00e9ment dans les zones m\u00e9diterran\u00e9ennes grandement expos\u00e9es au soleil. Sa tige fine et recouverte d\u2019un duvet est surmont\u00e9e d\u2019une belle fleur jaune orang\u00e9e. La floraison d\u00e9bute au printemps et dure jusqu\u2019aux premi\u00e8res gel\u00e9es.<\/span><\/p><p class=\"mb-2\" style=\"text-align: center;\"><span style=\"color: #000000;\">Le Calendula est une plante surnomm\u00e9e la &#8216;<strong>fianc\u00e9e du soleil<\/strong>&#8216; car l&#8217;ouverture et la fermeture de ses fleurs d\u00e9pendent de la position du soleil. Le Calendula contient\u00a0<strong>plus de 15 principes actifs<\/strong>, dont des flavono\u00efdes, des carot\u00e9no\u00efdes, des huiles essentielles mais surtout des compos\u00e9s triterp\u00e9niques appr\u00e9ci\u00e9s pour leur action anti-inflammatoire (1), cicatrisante (2) et antiseptique (3).<\/span><\/p><p class=\"mb-2\" style=\"text-align: center;\"><span style=\"color: #000000;\">Connu pour ses propri\u00e9t\u00e9s protectrices, apaisantes, r\u00e9paratrices et antioxydantes, ses bienfaits sont reconnus par l&#8217;Organisation mondiale de la sant\u00e9 (OMS) et l&#8217;Agence europ\u00e9enne des m\u00e9dicaments (EMA).<\/span><\/p><p class=\"mb-2\" style=\"text-align: center;\"><span style=\"color: #000000;\">Le calendula est utilis\u00e9 de nombreuses fa\u00e7ons selon les besoins, tant en\u00a0<strong>interne<\/strong>\u00a0qu&#8217;en\u00a0<strong>externe<\/strong>.<\/span><\/p>\t\t\t\t\t\t\t\t<\/div>\n\t\t\t\t<\/div>\n\t\t\t\t\t<\/div>\n\t\t\t\t<\/div>\n\t\t\t\t<\/div>\n\t\t","protected":false},"excerpt":{"rendered":"<p>Originaire d&#8217;Europe, le Calendula est une plante qui pousse et se cultive ais\u00e9ment dans les zones m\u00e9diterran\u00e9ennes grandement expos\u00e9es au soleil. Sa tige fine et recouverte d\u2019un duvet est surmont\u00e9e d\u2019une belle fleur jaune orang\u00e9e. La floraison d\u00e9bute au printemps et dure jusqu\u2019aux premi\u00e8res gel\u00e9es. Le Calendula est une plante surnomm\u00e9e la &#8216;fianc\u00e9e du soleil&#8216; [&hellip;]<\/p>\n","protected":false},"author":1,"featured_media":0,"parent":0,"menu_order":0,"comment_status":"closed","ping_status":"closed","template":"","meta":{"_themeisle_gutenberg_block_has_review":false,"footnotes":""},"class_list":["post-181","page","type-page","status-publish","hentry"],"jetpack_sharing_enabled":true,"_links":{"self":[{"href":"https:\/\/dynarelax.lu\/index.php?rest_route=\/wp\/v2\/pages\/181","targetHints":{"allow":["GET"]}}],"collection":[{"href":"https:\/\/dynarelax.lu\/index.php?rest_route=\/wp\/v2\/pages"}],"about":[{"href":"https:\/\/dynarelax.lu\/index.php?rest_route=\/wp\/v2\/types\/page"}],"author":[{"embeddable":true,"href":"https:\/\/dynarelax.lu\/index.php?rest_route=\/wp\/v2\/users\/1"}],"replies":[{"embeddable":true,"href":"https:\/\/dynarelax.lu\/index.php?rest_route=%2Fwp%2Fv2%2Fcomments&post=181"}],"version-history":[{"count":4,"href":"https:\/\/dynarelax.lu\/index.php?rest_route=\/wp\/v2\/pages\/181\/revisions"}],"predecessor-version":[{"id":187,"href":"https:\/\/dynarelax.lu\/index.php?rest_route=\/wp\/v2\/pages\/181\/revisions\/187"}],"wp:attachment":[{"href":"https:\/\/dynarelax.lu\/index.php?rest_route=%2Fwp%2Fv2%2Fmedia&parent=181"}],"curies":[{"name":"wp","href":"https:\/\/api.w.org\/{rel}","templated":true}]}}